ousands digit of 9983?
9
What is the hundreds digit of 90816?
8
What is the tens digit of 14534?
3
What is the thousands digit of 20283?
0
What is the tens digit of 82344?
4
What is the thousands digit of 1778?
1
What is the units digit of 72717?
7
What is the tens digit of 21967?
6
What is the tens digit of 3964?
6
What is the hundreds digit of 1922?
9
What is the tens digit of 9875?
7
What is the thousands digit of 21928?
1
What is the tens digit of 15326?
2
What is the ten thousands digit of 15279?
1
What is the units digit of 750?
0
What is the thousands digit of 2463?
2
What is the ten thousands digit of 44243?
4
What is the hundreds digit of 631?
6
What is the hundreds digit of 944?
9
What is the ten thousands digit of 95903?
9
What is the units digit of 115526?
6
What is the tens digit of 5207?
0
What is the units digit of 1034?
4
What is the hundreds digit of 21199?
1
What is the hundreds digit of 768?
7
What is the units digit of 2938?
8
What is the thousands digit of 61968?
1
What is the hundreds digit of 9458?
4
What is the thousands digit of 7501?
7
What is the tens digit of 122952?
5
What is the units digit of 16781?
1
What is the hundreds digit of 502?
5
What is the units digit of 96?
6
What is the tens digit of 87551?
5
What is the tens digit of 144468?
6
What is the hundreds digit of 639?
6
What is the hundreds digit of 3426?
4
What is the units digit of 15769?
9
What is the hundreds digit of 75648?
6
What is the tens digit of 20743?
4
What is the tens digit of 5745?
4
What is the units digit of 5956?
6
What is the thousands digit of 1512?
1
What is the tens digit of 1108?
0
What is the thousands digit of 1005?
1
What is the thousands digit of 2876?
2
What is the thousands digit of 2181?
2
What is the units digit of 1696?
6
What is the tens digit of 39798?
9
What is the thousands digit of 9734?
9
What is the units digit of 96790?
0
What is the tens digit of 7166?
6
What is the hundreds digit of 5188?
1
What is the units digit of 27862?
2
What is the thousands digit of 5634?
5
What is the tens digit of 13179?
7
What is the hundreds digit of 48091?
0
What is the tens digit of 140?
4
What is the tens digit of 15361?
6
What is the tens digit of 8074?
7
What is the units digit of 16580?
0
What is the units digit of 689?
9
What is the thousands digit of 13668?
3
What is the thousands digit of 1262?
1
What is the thousands digit of 3215?
3
What is the ten thousands digit of 56095?
5
What is the units digit of 178?
8
What is the ten thousands digit of 96723?
9
What is the thousands digit of 24005?
4
What is the hundreds digit of 891?
8
What is the units digit of 1045?
5
What is the thousands digit of 6505?
6
What is the hundreds digit of 187?
1
What is the thousands digit of 6643?
6
What is the units digit of 50?
0
What is the units digit of 3182?
2
What is the units digit of 3063?
3
What is the tens digit of 6287?
8
What is the tens digit of 397?
9
What is the units digit of 1453?
3
What is the hundreds digit of 1383?
3
What is the thousands digit of 3154?
3
What is the thousands digit of 105793?
5
What is the units digit of 43969?
9
What is the hundreds digit of 1381?
3
What is the units digit of 1694?
4
What is the hundreds digit of 470?
4
What is the tens digit of 829?
2
What is the hundreds digit of 11805?
8
What is the tens digit of 2283?
8
What is the units digit of 6186?
6
What is the units digit of 20193?
3
What is the units digit of 295?
5
What is the tens digit of 20515?
1
What is the hundreds digit of 12886?
8
What is the tens digit of 71755?
5
What is the hundreds digit of 41127?
1
What is the units digit of 89167?
7
What is the ten thousands digit of 168747?
6
What is the units digit of 1632?
2
What is the tens digit of 67249?
4
What is the thousands digit of 1725?
1
What is the hundreds digit of 5653?
6
What is the thousands digit of 3537?
3
What is the units digit of 8596?
6
What is the tens digit of 37124?
2
What is the tens digit of 11258?
5
What is the thousands digit of 1000?
1
What is the hundreds digit of 1932?
9
What is the ten thousands digit of 30217?
3
What is the hundreds digit of 7784?
7
What is the thousands digit of 5954?
5
What is the units digit of 2865?
5
What is the units digit of 565?
5
What is the tens digit of 13941?
4
What is the units digit of 815?
5
What is the hundreds digit of 121803?
8
What is the ten thousands digit of 21201?
2
What is the tens digit of 61726?
2
What is the units digit of 5794?
4
What is the units digit of 31?
1
What is the tens digit of 11?
1
What is the units digit of 2415?
5
What is the units digit of 6165?
5
What is the units digit of 1152?
2
What is the tens digit of 152765?
6
What is the units digit of 719?
9
What is the thousands digit of 1053?
1
What is the thousands digit of 1223?
1
What is the tens digit of 362?
6
What is the tens digit of 45?
4
What is the units digit of 44757?
7
What is the hundreds digit of 4138?
1
What is the units digit of 1538?
8
What is the hundreds digit of 22104?
1
What is the tens digit of 37145?
4
What is the hundreds digit of 2853?
8
What is the ten thousands digit of 13232?
1
What is the tens digit of 1923?
2
What is the hundreds digit of 2879?
8
What is the tens digit of 401?
0
What is the units digit of 14176?
6
What is the tens digit of 20984?
8
What is the thousands digit of 13463?
3
What is the units digit of 6076?
6
What is the thousands digit of 4175?
4
What is the ten thousands digit of 19730?
1
What is the tens digit of 10779?
7
What is the units digit of 984?
4
What is the thousands digit of 13245?
3
What is the units digit of 308?
8
What is the ten thousands digit of 95999?
9
What is the units digit of 5400?
0
What is the thousands digit of 138844?
8
What is the hundreds digit of 2243?
2
What is the ten thousands digit of 26203?
2
What is the tens digit of 1670?
7
What is the units digit of 55789?
9
What is the tens digit of 199?
9
What is the hundreds digit of 21879?
8
What is the tens digit of 25386?
8
What is the hundreds digit of 380?
3
What is the thousands digit of 20933?
0
What is the tens digit of 117732?
3
What is the tens digit of 9764?
6
What is the thousands digit of 148269?
8
What is the thousands digit of 117563?
7
What is the hundreds digit of 2685?
6
What is the ten thousands digit of 51744?
5
What is the units digit of 12023?
3
What is the units digit of 889?
9
What is the units digit of 20552?
2
What is the hundreds digit of 38877?
8
What is the hundreds digit of 11340?
3
What is the hundreds digit of 77728?
7
What is the hundreds digit of 3701?
7
What is the hundreds digit of 3348?
3
What is the units digit of 1384?
4
What is the tens digit of 2605?
0
What is the ten thousands digit of 81990?
8
What is the hundreds digit of 9009?
0
What is the thousands digit of 1373?
1
What is the thousands digit of 32510?
2
What is the units digit of 287?
7
What is the tens digit of 258?
5
What is the thousands digit of 30909?
0
What is the thousands digit of 21251?
1
What is the tens digit of 322?
2
What is the hundreds digit of 406?
4
What is the units digit of 102310?
0
What is the hundreds digit of 2417?
4
What is the tens digit of 1268?
6
What is the tens digit of 7334?
3
What is the units digit of 670?
0
What is the thousands digit of 5214?
5
What is the hundreds digit of 12448?
4
What is the units digit of 299?
9
What is the thousands digit of 6769?
6
What is the ten thousands digit of 14091?
1
What is the thousands digit of 4942?
4
What is the tens digit of 80182?
8
What is the tens digit of 7347?
4
What is the thousands digit of 19566?
9
What is the ten thousands digit of 64737?
6
What is the units digit of 526?
6
What is the units digit of 2901?
1
What is the ten thousands digit of 23133?
2
What is the units digit of 3534?
4
What is the thousands digit of 3367?
3
What is the units digit of 344?
4
What is the tens digit of 44?
4
What is the thousands digit of 92633?
2
What is the tens digit of 2247?
4
What is the hundreds digit of 64359?
3
What is the hundreds digit of 1287?
2
What is the units digit of 264?
4
What is the units digit of 3444?
4
What is the ten thousands digit of 39862?
3
What is the units digit of 60?
0
What is the tens digit of 1892?
9
What is the thousands digit of 52103?
2
What is the tho